{"id":30,"date":"2020-05-08T17:26:21","date_gmt":"2020-05-08T15:26:21","guid":{"rendered":"http:\/\/eli-seelsorge.de\/?page_id=30"},"modified":"2022-03-08T12:54:59","modified_gmt":"2022-03-08T11:54:59","slug":"startseite-2","status":"publish","type":"page","link":"https:\/\/eli-seelsorge.de\/","title":{"rendered":""},"content":{"rendered":"\n<p><\/p>\n\n\n\n<p><\/p>\n\n\n\n<div class=\"wp-block-image\"><figure class=\"alignright size-large is-resized\"><img loading=\"lazy\" src=\"http:\/\/eli-seelsorge.de\/wp-content\/uploads\/2020\/05\/Logo_Gruppe_klein.jpg\" alt=\"\" class=\"wp-image-74\" width=\"164\" height=\"114\"\/><\/figure><\/div>\n\n\n\n<figure class=\"wp-block-image size-large\"><img loading=\"lazy\" width=\"256\" height=\"171\" src=\"https:\/\/eli-seelsorge.de\/wp-content\/uploads\/2022\/03\/Ukraine.jpg\" alt=\"\" class=\"wp-image-1378\" srcset=\"https:\/\/eli-seelsorge.de\/wp-content\/uploads\/2022\/03\/Ukraine.jpg 256w, https:\/\/eli-seelsorge.de\/wp-content\/uploads\/2022\/03\/Ukraine-230x154.jpg 230w\" sizes=\"(max-width: 256px) 100vw, 256px\" \/><\/figure>\n\n\n\n<p><strong>Fl\u00fcchlingen eine Unterkunft bieten<\/strong><\/p>\n\n\n\n<p>Falls Ihr\/Sie zus\u00e4tzlich die M\u00f6glichkeit habt\/haben, Wohnangebote f\u00fcr gefl\u00fcchtete Ukrainerinnen und Ukrainer zur Verf\u00fcgung zu stellen, kann dies \u00fcber die Website\u00a0<a rel=\"noreferrer noopener\" href=\"https:\/\/warmes-bett.de\/\" target=\"_blank\">https:\/\/warmes-bett.de<\/a>\u00a0erfolgen.<\/p>\n\n\n\n<p>_____________________________________________________________________________<\/p>\n\n\n\n<p><strong>Spenden f\u00fcr die ukrainischen Fl\u00fcchtlinge<\/strong><\/p>\n\n\n\n<p>Die Schulgemeinde m\u00f6chte einen kleinen Beitrag zur Unterst\u00fctzung der gefl\u00fcchteten Menschen aus der Ukraine leisten. Die Aktion findet statt am Donnerstag, den 10.3. Gebraucht werden Hygieneartikel, die durch die Hilfsorganisation GAiN in die Aufnahmelager an der Grenze gebracht werden.<br>______________________________________________________________________________<\/p>\n\n\n\n<p><strong>Friedensgebet f\u00fcr die Ukraine<\/strong><\/p>\n\n\n\n<p>Wir verstehen die Welt nicht mehr.<br>Wir sehen Bilder von zerst\u00f6rten H\u00e4usern und fliehenden Menschen.<\/p>\n\n\n\n<p>Wir m\u00f6chten laut rufen:<br>H\u00f6rt auf damit! Packt die Waffen ein und kl\u00e4rt den Streit,<br>verhindert, dass jemand daf\u00fcr sterben muss!<\/p>\n\n\n\n<p>Wir beten zu dir, du Gott des Lebens.<br>Sei an der Seite derer, die Leid und Tod erfahren.<br>Und hilf den Verantwortlichen, die richtigen Worte und Taten zu finden,<br>damit Friede werde. Amen.<\/p>\n\n\n\n<p>______________________________________________________________________________<\/p>\n\n\n\n<p><\/p>\n\n\n\n<p><\/p>\n","protected":false},"excerpt":{"rendered":"<p>Fl\u00fcchlingen eine Unterkunft bieten Falls Ihr\/Sie zus\u00e4tzlich die M\u00f6glichkeit habt\/haben, Wohnangebote f\u00fcr gefl\u00fcchtete Ukrainerinnen und Ukrainer zur Verf\u00fcgung zu stellen, kann dies \u00fcber die Website\u00a0https:\/\/warmes-bett.de\u00a0erfolgen. _____________________________________________________________________________ Spenden f\u00fcr die ukrainischen Fl\u00fcchtlinge Die Schulgemeinde m\u00f6chte einen kleinen Beitrag zur Unterst\u00fctzung der gefl\u00fcchteten Menschen aus der Ukraine leisten. Die Aktion findet statt am Donnerstag, den 10.3. Gebraucht [&hellip;]<\/p>\n","protected":false},"author":1,"featured_media":0,"parent":0,"menu_order":0,"comment_status":"closed","ping_status":"closed","template":"templates\/template-cover.php","meta":[],"_links":{"self":[{"href":"https:\/\/eli-seelsorge.de\/index.php?rest_route=\/wp\/v2\/pages\/30"}],"collection":[{"href":"https:\/\/eli-seelsorge.de\/index.php?rest_route=\/wp\/v2\/pages"}],"about":[{"href":"https:\/\/eli-seelsorge.de\/index.php?rest_route=\/wp\/v2\/types\/page"}],"author":[{"embeddable":true,"href":"https:\/\/eli-seelsorge.de\/index.php?rest_route=\/wp\/v2\/users\/1"}],"replies":[{"embeddable":true,"href":"https:\/\/eli-seelsorge.de\/index.php?rest_route=%2Fwp%2Fv2%2Fcomments&post=30"}],"version-history":[{"count":39,"href":"https:\/\/eli-seelsorge.de\/index.php?rest_route=\/wp\/v2\/pages\/30\/revisions"}],"predecessor-version":[{"id":1397,"href":"https:\/\/eli-seelsorge.de\/index.php?rest_route=\/wp\/v2\/pages\/30\/revisions\/1397"}],"wp:attachment":[{"href":"https:\/\/eli-seelsorge.de\/index.php?rest_route=%2Fwp%2Fv2%2Fmedia&parent=30"}],"curies":[{"name":"wp","href":"https:\/\/api.w.org\/{rel}","templated":true}]}}